on divisor of 198 and v.
18
Let h be ((-3)/5 - -1)/((-2)/(-190)). What is the highest common divisor of 95 and h?
19
Let h = -42 + 52. Let g = -64 - -134. Calculate the greatest common factor of h and g.
10
Suppose -7 = -v + 3*g + 24, -3*g = 5*v - 209. Let u(l) = -13*l - 3. Let t be u(-1). What is the greatest common factor of t and v?
10
Let h(j) = j**3 - 2*j**2 - 6*j + 4. Let d be h(4). Calculate the highest common factor of d and 6.
6
Suppose -1374 = 3*w - 4*a, 4*a + 1350 = -5*w + 2*w. Let n = w + 661. Calculate the greatest common factor of 23 and n.
23
Let r be (-2)/(-7) - (-888)/28. Suppose s - r = 4*o, 3*s = -0*o - 2*o + 26. What is the highest common divisor of s and 108?
12
Let p = -1 - -13. Let h be ((-16)/3)/((-8)/p). What is the greatest common factor of h and 56?
8
Suppose -5*a - 76 = -21. Let k = a + 21. Suppose 4*x + 11 = 31. Calculate the highest common divisor of x and k.
5
Let q = 46 - 29. Calculate the greatest common divisor of q and 153.
17
Suppose 66 + 339 = 3*w. What is the greatest common divisor of 15 and w?
15
Suppose -113 = i - 5*i - 5*s, 131 = 4*i - s. Let j(f) = -8*f + 64. Let h be j(7). Calculate the greatest common divisor of h and i.
8
Suppose 3*s + 27 = 3. Let k = s + 26. Calculate the greatest common divisor of 54 and k.
18
Let y be (-138)/8*12/(-9). What is the greatest common factor of 161 and y?
23
Let o = -27 + 51. What is the greatest common factor of o and 240?
24
Let c = -1 + 25. Calculate the highest common divisor of 16 and c.
8
Let k = 24 + -9. Suppose 0 = -5*j - 54 - 91. Let t = j - -74. What is the highest common divisor of t and k?
15
Suppose -2 = 2*v - 8. Let k be 1/4 + 15/(-12). Let p be 0 + k - (0 + -2). What is the greatest common divisor of v and p?
1
Let x = 46 + -10. Let k(t) = -8*t + 57. Let v be k(6). What is the highest common divisor of v and x?
9
Let u be 2/(-3) - (-364)/6. What is the greatest common divisor of u and 24?
12
Suppose -2*g + 82 = 3*x, -3*x + g + 74 = 5*g. What is the greatest common factor of 6 and x?
6
Let s be 0/5 - (-4 + 0). Suppose -5*v + 5*l + 190 = 0, s = 2*l - l. Calculate the highest common divisor of 6 and v.
6
Let d(t) = 2*t - 3. Let g(s) = -3*s + 4. Let q be g(3). Let a be (1 + 0)*q/(-1). Let o be d(a). Calculate the greatest common factor of 63 and o.
7
Let u(h) = 92*h - 2. Let g be u(1). Let v be -1*2/(-1) + 0. Suppose 0*o - 20 = -v*o. Calculate the greatest common factor of o and g.
10
Let l(f) = 3*f - 1. Let u = 11 - 7. Suppose n - 1 - u = 0. Let q be l(n). What is the greatest common divisor of 56 and q?
14
Let v(p) be the first derivative of -p**2/2 + p + 3. Let d be v(-9). Calculate the highest common factor of d and 60.
10
Let w be 35/(2/2) + 1. Suppose w = 3*y + r, -y + 3*r + 4 - 2 = 0. Calculate the greatest common factor of 99 and y.
11
Let m(r) = -r + 9. Let l be m(5). Let o(y) = -3 + y - 1 + 2. Let k be o(4). Calculate the greatest common divisor of k and l.
2
Let j be (18 + 2)/(-1)*(-2)/8. Let x(r) = -4 - r**2 + 3 + 42*r**2. Let f be x(-1). Calculate the highest common divisor of j and f.
5
Suppose -2*m = m. Suppose -5*b + 17 - 7 = m. What is the greatest common factor of 2 and b?
2
Let u be 54 + -1 + 0 + 1. Let s be 1 - (-6 + 0 + 1). Calculate the highest common divisor of u and s.
6
Let m be 0/5 + (-1 - -1). Let l be 8 + 0/(m - 1). What is the greatest common factor of l and 56?
8
Let x(c) = -c**3 - 8*c**2 - 6*c + 10. Let d be x(-7). Suppose 0 = -5*k + 4*y + 51, -3*k = 2*k + d*y - 58. What is the highest common factor of 121 and k?
11
Let p(c) = c**3 + 8*c**2 + 5*c - 10. Let r be p(-7). Calculate the greatest common factor of 2 and r.
2
Suppose 0 = -v - 0*v + m + 43, 2*v = -3*m + 66. Suppose 4*x - 3*i = -5*i + 6, -x = i. Suppose -x*h + 21 = -v. Calculate the highest common factor of h and 5.
5
Suppose 7 + 3 = 5*u. Let b(k) = 25*k + 2. Let x be b(u). Let o = -34 + 47. What is the greatest common factor of o and x?
13
Suppose 0 = 2*p + x + 2*x - 107, -2*x + 163 = 3*p. Suppose -2*v + 89 = 5*w, p = 3*w + 5*v - 3*v. What is the greatest common factor of 187 and w?
17
Let u = 2 + -8. Let b be 1*(2 + (-2 - 3)). Let g be u*(-42)/(-27)*b. What is the highest common divisor of g and 42?
14
Let x be (2 - 99) + (2 - 2). Let q = x + 138. Suppose 0 = 4*p - 7 - q. What is the highest common factor of p and 3?
3
Let n(t) = -t + 9. Let m be 3 - (3 + 0 - 6). Let i be n(m). Calculate the highest common divisor of i and 24.
3
Let b(v) = 3*v - 4 - 2*v + 20 + 0*v. Let u be b(0). Calculate the greatest common divisor of u and 128.
16
Suppose 0 = 9*t - 14 - 22. What is the highest common factor of t and 2?
2
Let w(u) = -2*u - 11. Let b be w(-8). Suppose s = b + 6. Suppose 1 = -3*r + 34. Calculate the greatest common factor of s and r.
11
Suppose 0 = -3*b - b + 40. Suppose 0 = -5*i - 0 + b. Let s be (i/2 + -2)*-48. What is the highest common divisor of 12 and s?
12
Suppose -4*j + 6 = -3*j. What is the greatest common divisor of j and 42?
6
Suppose 18 = -3*l + 42. Suppose a - w - 5 = 3, -5*a + 4*w + 44 = 0. Calculate the highest common factor of l and a.
4
Let s = 59 - 43. What is the greatest common divisor of 4 and s?
4
Let j = -252 + 444. What is the highest common divisor of 12 and j?
12
Let s be (-2)/(-3) - (-4)/3. Suppose -3*y + s*m = -0*y - 101, 100 = 3*y - m. Let t be 357/y - (-4)/22. What is the highest common factor of 11 and t?
11
Let j = 11 - -84. Let b = j + 121. Calculate the highest common factor of 36 and b.
36
Let n(l) = l**2 - 3*l + 6. Let q be n(5). What is the greatest common divisor of q and 4?
4
Suppose -2*l + 179 + 55 = 0. Calculate the highest common divisor of 13 and l.
13
Let r(k) = -3 - 1 + 2*k - k + 0*k. Let i be r(9). Let q(z) = 4*z**2 - 7*z + 4. Let f be q(4). Calculate the highest common factor of i and f.
5
Suppose -18 = -5*w + 4*w. Suppose -4*t + w = -2*t. Calculate the highest common factor of 6 and t.
3
Let r(y) = -y**2 + 4*y + 1. Let l be r(3). Calculate the greatest common divisor of l and 40.
4
Suppose 2*k + h = 0, -k = 2*k - 4*h - 22. Suppose k*y - 16 = 16. Calculate the highest common divisor of y and 160.
16
Let f(p) = p + 8. Let w be f(-8). Suppose 0 = -w*v + v - 11. What is the greatest common divisor of v and 11?
11
Suppose 3*u = -3*n + 213, -n + 4*u = -0*n - 61. What is the highest common divisor of 23 and n?
23
Suppose 0 = d - 2, 0*b + 5*b - 5*d = 200. What is the greatest common factor of b and 28?
14
Let x = -2 - -4. Let h = 50 + -28. Suppose 5*a - h = 18. What is the highest common factor of x and a?
2
Let d be ((10/4)/(-5))/((-1)/560). Calculate the greatest common factor of d and 20.
20
Let a(m) = -m**3 + 7*m**2 + 22. Let q be a(7). Suppose -2*y = -2*b + 56, 4*y - 3*y + 61 = 2*b. Calculate the greatest common factor of q and b.
11
Suppose 14*i - 11*i - 54 = 0. What is the highest common factor of 162 and i?
18
Let d be (-11)/((1 + 2)/(-3)). Suppose 7 - 33 = -2*m + 4*z, -z - d = -m. What is the highest common factor of m and 72?
9
Let f(r) = 10*r - 58. Let b be f(6). Let o be ((-2)/(-3))/((-2)/(-18)). What is the greatest common factor of b and o?
2
Suppose q + 3*r - 219 = -4*q, 0 = -3*r + 9. Suppose -q = -4*y - 10. Suppose 5*b = b + 4. What is the highest common factor of b and y?
1
Suppose -3*b = -3*o + 29 + 7, 0 = 2*o - 5*b - 36. Calculate the greatest common factor of o and 32.
8
Let i(h) = h**2 + 6*h + 5. Let d be i(-6). Let z = -13 + -21. Let t = z + 74. What is the highest common factor of t and d?
5
Let m be ((-15)/2)/(2/(-4)). What is the greatest common factor of 45 and m?
15
Let l(w) = 14*w - 32. Let r be l(4). Suppose 0 = 3*t + 7 + 8. Let s be (-4)/(-10) - 178/t. What is the greatest common factor of r and s?
12
Suppose -3*i = -6*i + 195. What is the highest common factor of i and 26?
13
Suppose 225 = -53*u + 62*u. Let q(p) = 9*p + 1. Let n be q(1). What is the highest common factor of u and n?
5
Let o be (0 - -21) + (-1 - 0)*1. Calculate the greatest common divisor of 100 and o.
20
Let v be (20/(-8)*2)/(2/(-4)). What is the highest common factor of v and 20?
10
Suppose -y - y + 172 = -5*s, -2*y = -3*s - 164. Suppose -z = -1 - 18. Calculate the highest common factor of y and z.
19
Let v(n) = n**3 + 5*n**2 - 5*n + 4. Let t be v(-6). Let d be t + -166*3/(-6). Let b be (6/4)/((-1)/(-6)). Calculate the great